rs of b?
2, 3, 7
Let o(u) = u**3 + 5*u**2 - 8. Let m be o(-6). Let q(p) = -45*p**2 + 456*p - 7. Let j be q(10). Let z = j + m. List the prime factors of z.
3
Let z(y) = -y**3 + 23*y**2 + y - 1. Let b be z(20). Suppose b + 200 = 3*r. What are the prime factors of r?
11, 43
Let r = 2984 - 3154. Suppose 0 = 3*w + 3*l + 261, -3 = 2*l - 11. Let y = w - r. What are the prime factors of y?
79
Let p(m) = -2*m**2 + 22*m + 15. Let y be p(12). Let o be (0 + 1)*(5 + y). List the prime factors of (-253)/(-4) + 1/o.
3, 7
Let b(f) be the third derivative of f**6/60 - 7*f**5/60 - 5*f**4/8 + 4*f**3/3 + 36*f**2. Let y be b(8). Let x = y - 265. What are the prime factors of x?
199
Suppose -3*k + 2992 = -q, 2*k - q - 2573 + 580 = 0. What are the prime factors of k?
3, 37
Suppose 0 = 5*v - 4*k + 37 - 30, v + 5*k + 13 = 0. What are the prime factors of 12*((-185)/v + -7)?
2, 41
Let t(r) = -678*r + 19762. What are the prime factors of t(0)?
2, 41, 241
Let p(u) = 22*u**2 + 2*u - 3*u**3 - 22 - 18 + 2*u**3. Let x be p(22). Suppose -5*q = -6*q - 4*i + 46, 0 = x*q - 3*i - 184. List the prime factors of q.
2, 23
What are the prime factors of (-9)/(-1) + (-267564)/((-96)/24)?
2, 3, 5, 223
Suppose -312 = -6*o - 2*o. Let t = o - -33. Suppose v = 5*d - 426, -3*d - 2*v + t + 194 = 0. List the prime factors of d.
2, 43
Let y(u) be the third derivative of -u**5/30 + 79*u**4/24 + u**3/3 + 10*u**2 - 2*u. List the prime factors of y(35).
317
Let x(y) = -y**2 + y + 2. Let w be x(0). Suppose 0 = w*m - 0 - 4. List the prime factors of (-8)/((-8)/141) + m*-1.
139
Let l = 41249 + -20088. What are the prime factors of l?
7, 3023
List the prime factors of ((-225)/(-27) + -1 + -8)*35295/(-2).
5, 13, 181
Let d = -12109 - -21995. What are the prime factors of d?
2, 4943
Let s = -1504 - -1501. Let p(c) = 11*c**2 + 3*c + 5 + 0*c - 4. List the prime factors of p(s).
7, 13
Let g = 10867 + -4980. List the prime factors of g.
7, 29
Suppose 5*g + 0 = -10. Let t be 258*(g + 21/9). What are the prime factors of -1*(-2)/2 + 5 + t?
2, 23
Let w(o) = 11*o - 88. Let q be w(8). Suppose 5*f + 2*s - 3575 = q, -4*s - 2176 = -3*f + s. List the prime factors of f.
3, 239
Suppose -3*j + 5*m = -141, 5*j + 6*m - 235 = 4*m. Suppose -17*t = -j*t + 19560. List the prime factors of t.
2, 163
Suppose 4*m + 27 = m + 2*j, -5*j - 13 = 4*m. Let r be -2 + 0 - (0 + m). What are the prime factors of (r/(-20))/(9/(-120))*36?
2, 3, 5
What are the prime factors of (150/18)/((-38)/(-456))?
2, 5
Let g be 0 - (-1 - (4 + -3)). Let h be -2 + -17 - (-1 + g). Let v(k) = -k**3 - 20*k**2 - 3*k + 17. List the prime factors of v(h).
7, 11
What are the prime factors of (-1)/(-4) - -261980*(-21)/(-336)?
2, 3, 2729
Suppose -24 = -2*z - 4*n + 10, 3*z - 48 = -3*n. Suppose 8*l = 3*l - 5*m + 50, z = l + 2*m. What are the prime factors of 91/((-4)/(-2)*l/10)?
7, 13
Suppose 58*p = 60891 + 154637. What are the prime factors of p?
2, 929
Let c = -15 + 21. What are the prime factors of (618/(-4))/((-3)/c)?
3, 103
Let s be (-1 - 3)*(-15)/6. Suppose -s*h = -6*h + 48. List the prime factors of 510/h*-1*2.
5, 17
Suppose 4*a = -977*l + 978*l - 90146, 8*a - 90086 = -l. List the prime factors of l.
2, 3, 1669
Suppose -2*k = 5*d + 228, -3*k = 5*d - 5*k + 212. Suppose 9*t = 6*t + 180. Let c = t + d. What are the prime factors of c?
2
Let u be 10/25 + (-496)/(-10). Suppose -u*a - 2312 = -58*a. List the prime factors of a.
17
What are the prime factors of ((-13220260)/(-496))/((-20)/(-48))?
3, 21323
Suppose 9882 = -26*s + 35*s. List the prime factors of s.
2, 3, 61
Let b(t) = 348*t**2 + 7*t + 6. Let c be b(-2). Let d = -792 + c. List the prime factors of d.
2, 37
Let j(u) = 137*u - 44. Let i be (-1 - -5) + (-1)/(-1). What are the prime factors of j(i)?
641
Let v(j) = 89*j**2 - 5*j + 4. Let d be v(2). Suppose -g - g = -d. Let f = -98 + g. What are the prime factors of f?
7, 11
Suppose -2*j + 64376 = -2*d, 3*d - 32529 = 2*j - 96911. What are the prime factors of j?
2, 16091
Suppose -8*g + 14934 - 5742 = 0. Let i = g - 695. What are the prime factors of i?
2, 227
Suppose -5*l + 75522 + 64593 = 0. What are the prime factors of l?
3, 9341
Let f = 583 - -5131. List the prime factors of f.
2, 2857
Suppose 24 = -s + 5*s. Suppose -s*m = -263 + 35. Suppose o - m = 4*w, 4*o - 5*w - 46 - 84 = 0. What are the prime factors of o?
2, 3, 5
Let c(x) = -9*x**2 - 11*x - 2. Let s be c(-5). Let i = -94 - s. List the prime factors of i/(-65)*5/(-3).
2
Let v(a) = -75*a - 23. Let j(o) = 76*o + 22. Let m(x) = 5*j(x) + 6*v(x). Let l be m(-13). Suppose 10*c - l = 4*c. List the prime factors of c.
3, 7
Let g(w) be the third derivative of 0*w + 7*w**2 - 1/120*w**6 - 5/24*w**4 - 1/6*w**3 + 7/30*w**5 + 0. List the prime factors of g(13).
103
Suppose 325*t - 996 = 331*t. Let g = 1437 + t. What are the prime factors of g?
31, 41
Let q(j) = j**3 - 7*j**2 + 5*j - 2. Let g be q(4). Let z be (-924)/(-14)*6/4. Let u = g + z. List the prime factors of u.
3, 23
What are the prime factors of (16 + -16)/(-12) + (2 - -7181)?
11, 653
Let d(b) = b**3 + 118*b**2 - 277*b + 558. List the prime factors of d(-115).
2, 9011
Let y be 0 + (3 - -1 - 0). Suppose -y*f = f - 20. Suppose c = -5, f*q = -0*c - 2*c + 278. What are the prime factors of q?
2, 3
Suppose 3*c = 5*a - 70519 - 60427, -5*c = a - 26234. What are the prime factors of a?
2, 7, 1871
Suppose -4*t + 0*x + 49 = -3*x, 0 = -2*t - x + 17. Let b be 30/t*1/1. Suppose 4*g = g - 4*m + 315, b*m = -5*g + 536. What are the prime factors of g?
109
Let n(w) = -w**3 - w**2 - 23*w + 9. Let a be n(0). Let q(f) = 4*f**2 + 5*f + 16. List the prime factors of q(a).
5, 7, 11
Let w = -2247 + 3874. List the prime factors of w.
1627
Suppose 36 = -148*y + 145*y. List the prime factors of 10/y - 10737/(-54).
2, 3, 11
Let i = -1493 - -6428. List the prime factors of i.
3, 5, 7, 47
What are the prime factors of (2184/195)/(-3*(-2)/8790)?
2, 7, 293
What are the prime factors of 116258/10 - 448/160?
59, 197
Let y(h) = -5*h + 2. Let j(p) = -31*p + 14. Let f(t) = 6*j(t) - 39*y(t). Let q be (9 - 8)/((-1)/(-2)). List the prime factors of f(q).
2, 3
Suppose -5*c + 2*h = -17338, -10*h - 6948 = -2*c - 6*h. Let t = c + -2048. What are the prime factors of t?
2, 709
Suppose 0 = l - 35*k + 37*k - 7, k - 2 = -2*l. Let i = -4 + -4. List the prime factors of (-2)/l + (-4 - i) + 140.
2, 73
Suppose 3*r - 232 = c, 2*c = r - 2*c - 59. Let w = -76 + r. What are the prime factors of -1 - -316*(w + 18/(-8))?
2, 59
Let d = 1 - -4. Let z be (-1 - 0)*(-4 + -1). Suppose -2*c + c - 4 = 0, 0 = -d*n - z*c + 635. What are the prime factors of n?
131
Let x be (52 + (0 - 0))*168/224. Suppose x*m = 31*m + 5112. List the prime factors of m.
3, 71
Let j(z) = 37*z**2 - 32*z + 3. Let v(w) = -2*w + 23. Let i be v(9). List the prime factors of j(i).
2, 3
Let u(c) = 15*c**2 - 18*c - 238. What are the prime factors of u(-9)?
17, 67
Let r(l) = l**3 + 10*l**2 - 11*l + 1. Let a(z) = 18*z + 16. Let y be a(-5). Let t = 64 + y. What are the prime factors of r(t)?
3, 37
Let u = 48 - 43. Suppose 0 = u*r - 0*r + 4*p - 33, 14 = 4*r - 3*p. Suppose 0 = -y - 3*v + 14, -2*v - 12 = -r*v. What are the prime factors of y?
2
Suppose 2*r + 3*r = 4970. Let k = r + -688. What are the prime factors of k?
2, 3, 17
Suppose 0 = 7504*i - 7570*i + 4104078. What are the prime factors of i?
11, 5653
Let y(w) = -18705*w**3 - 7*w**2 - 14*w - 14. List the prime factors of y(-1).
2, 9349
Suppose 47*q - 2 = 48*q. Let k be (q - 0)/((-26)/(-3692)). Let a = k - -491. What are the prime factors of a?
3, 23
Let g be 0 + 3/9 - (-5)/(-15). Suppose -3*s + 5*z + 1163 = 0, g = -z + 2*z + 4. What are the prime factors of s?
3, 127
Let y be (10/30)/((3/(-234))/(-1)). Suppose y*z - 1106 = 19*z. List the prime factors of z.
2, 79
Suppose 7*w - 373 = -72. Let c = w + -112. Let u = 154 - c. List the prime factors of u.
223
Let j be 7/1*28956/(-266). Let c = j - -1144. What are the prime factors of c?
2, 191
Let y be (4/5)/(1/5). Suppose 0 = -2*j + 3*k + 18, -3*j - 14*k + 17*k = -21. What are the prime factors of j/y - (-4 - (-277)/(-4))?
2, 37
Let o be (582 - 45/(-9))*(-2)/2. Suppose -4*t - 2*h = 3446, -5*t + 2*t - h = 2583. Let c = o - t. What are the prime factors of c?
3, 7, 13
Let v be -2 + (2 + -638)/(-6). Suppose 2*l - v + 0 = 0. What are the prime factors 